 0. What is y(s)?
-44
Let c(m) be the first derivative of m**5/40 - m**4/8 + 4*m**3 - 7. Let k(o) be the third derivative of c(o). Give k(-4).
-15
Let f(l) be the first derivative of 4*l**2 - l + 29. What is f(2)?
15
Let h(w) = w**3 + 4*w**2 - w + 2. Suppose 2*j + 2*j = 16. Let d = j + 0. Suppose d*l + 7 = 5*q + 47, 0 = 4*q + 4*l - 4. What is h(q)?
6
Let g(a) = -12*a**2 - 8*a**2 + 19*a**2 - 2 - 3*a. Let z = -6 - -3. Calculate g(z).
-2
Let l(j) = 2*j**2 + 1. Let k(r) = -r**2 - r + 1. Let n = -2 + 1. Let m = -83 + 80. Let a(s) = m*k(s) + n*l(s). Calculate a(-3).
-4
Let l(z) be the first derivative of -z**4/4 - 2*z**3/3 - 3*z**2/2 - 2*z + 51. Give l(-1).
0
Suppose -10 = 5*x + a, 5*a + 0*a - 19 = -2*x. Let i(f) = -f**2 - 2*f + 5. Let j be i(x). Let y(o) = -1 + o + 2 - 2. Give y(j).
1
Let n = -2430 + 2440. Let l(u) = 4*u - 32. Determine l(n).
8
Let g(c) = 2*c**3 + 5*c**2 - 17*c + 14. Let n(a) = a**3 + 4*a**2 - 9*a + 7. Let h(i) = 2*g(i) - 5*n(i). Determine h(-11).
-7
Suppose 3*h + 3*v = 12, 3*v = 2*h + 3 - 1. Let r(y) be the first derivative of -2*y**2 - 7 - 5*y - 1/4*y**4 + h*y**3. Calculate r(5).
0
Let s(a) = -2*a**3 - 9*a**2 + 10*a + 3. Let w(q) = q**3 + 4*q**2 - 5*q - 2. Let r(k) = -2*s(k) - 5*w(k). Suppose -4*p - 5*t + 16 = 48, 5 = 5*p - 5*t. Give r(p).
-2
Let g(a) be the first derivative of 3*a**2/2 - 6*a + 147. Determine g(4).
6
Let t(a) = -a**3 - 9*a**2 - 10*a - 8. Let l be t(-8). Let n(u) = -u**2 + 8*u - 11. What is n(l)?
-11
Suppose -2*r - 3 = -7. Let b(y) = 9 - 18 + y**r + y + 8. Determine b(-3).
5
Let r(z) = 3 - z + 2*z + 1. Suppose -3*n = -5*g + 9 + 76, -2*n + 70 = 3*g. Let k be g/(-8)*16/10. What is r(k)?
0
Let a(s) = -7*s. Suppose -1 = 8*g - 41. Suppose 5*v + 3*b + g = 4*v, v = 2*b. What is a(v)?
14
Let d(w) = -w**3 - 13*w**2 + 14*w - 10. Let l(x) = -x**2 + x - 1. Let u(p) = d(p) - 5*l(p). Let z = -179 - -170. Give u(z).
-5
Let f be (-8)/12*105/10. Let j(s) = -1 + 8*s + s**2 + 3 + s - 3*s. Calculate j(f).
9
Let b = -2867/12 - -239. Let g(s) be the second derivative of 0 - 4*s - b*s**4 - 2*s**2 + s**3. Determine g(6).
-4
Let d = -4 - -8. Let n(i) = -i**3 + 4*i**2 - 2*i - 4. Let r be n(d). Let z = 6 + r. Let u(v) = v**2 + 6*v + 2. Give u(z).
2
Let u(o) = o**3 - 6*o**2 - 4*o - 10. Suppose 4*d = 10*d - 18. Suppose m = -d*m + 28. Calculate u(m).
11
Let q be ((-7)/(35/(-18)))/((-2)/(-5)). Let n = q - 15. Let a(u) = -2 - 3*u**3 - 2*u**2 + 2*u**3 - 4*u**2. Calculate a(n).
-2
Suppose 26 = 3*f - 1. Suppose -68 + 11 = -3*u. Let o(w) = 12 - u + f - 5*w. Calculate o(2).
-8
Let d(n) = -n - 1. Let y(j) = j + 3. Let h(r) = -4*d(r) - y(r). Let x be (-9 - -8)/((-1)/(-9)). Let t = x + 4. What is h(t)?
-14
Let t be (-40)/16*6/(-5). Let w(k) be the first derivative of 2/3*k**t + 1/2*k**2 - 2*k + 6. Determine w(3).
19
Let o(c) = 41673 - 20841 - c**2 - 20819 - 5*c. Give o(-9).
-23
Suppose 3*h + 2*p - 11 - 1 = 0, -3*p = 9. Let j(u) = -u**2 + 7*u - 8. Calculate j(h).
-2
Let f = -6 + 14. Suppose 4 = -3*d - f. Let m(g) = 3*g + 6. Determine m(d).
-6
Let c(s) = -2*s**3 + 69*s**2 - 33*s - 32. Let h be c(34). Let g(k) be the first derivative of 1/4*k**4 - 5/3*k**3 + 7/2*k**h + 9 - 5*k. Calculate g(4).
7
Let j(n) = -n**2 - 5*n + 2. Let t = 66 - 70. Calculate j(t).
6
Let i(o) be the first derivative of -o**2 - 1/3*o**3 + 13 + 0*o. What is i(-2)?
0
Let j be 3/((-60)/32*2/5). Let y(c) = c + 2. Give y(j).
-2
Let w(v) = -4*v - 1 + 7 + 5*v + 5. Calculate w(-7).
4
Let c(d) be the first derivative of d**2 + 2*d - 77. Determine c(-5).
-8
Let f(v) = 5*v - 7 - 4*v + 3. Let z = 792 + -781. Give f(z).
7
Suppose 30*d = 31*d + 1. Let k(u) = 7*u**2 + u + 1. Calculate k(d).
7
Let k be (-4 - -1) + -2 + -2. Let v(j) be the first derivative of j**4/4 + 8*j**3/3 + 4*j**2 - j + 28. Calculate v(k).
-8
Let y(j) = 2*j - 1. Let k(h) = -h**3 + 4*h. Let n be k(-2). Give y(n).
-1
Let s(p) = p - 3. Suppose -5*v = 5*z - 65, -5*z - v + 55 = -30. Let r = 42 - z. Suppose 5*w = w + r. Give s(w).
3
Let g(d) = -d**3 + 6*d**2 - 5*d - 7. Let o be 3 + -3*5/(-15). Suppose -o*z = -0*z - 20. Determine g(z).
-7
Suppose 32 = -2*g + d, -3*g - d - 13 = -2*g. Let i(o) = o**2 + 16*o + 17. Calculate i(g).
2
Let k(o) = -2*o + 6. Let f = 26 + -28. Let v(g) = -3*g + 5. Let j(r) = f*k(r) + 3*v(r). What is j(2)?
-7
Let o(r) = -r - 3*r**2 - r**3 - 10*r**2 + 25*r**2 + 3. Calculate o(12).
-9
Let j be 12/36 + (-11)/(-3) - 0. Let g(u) = -u**3 + 5*u**2 - 4*u + 6. Give g(j).
6
Let w(c) = 3*c**3 + 2*c**2 - 3*c - 3. Suppose -4*m - r + 4 = -4*r, 4*m = 2*r. Calculate w(m).
-13
Let v = -19 + 17. Let n be v*(1 - -1) - 1. Let w(q) = -2*q - 4. Give w(n).
6
Let g = -16 + 18. Let l(w) = -w + 2*w**2 - 8*w**3 + 1 + w**2 - 4*w**2 + 2*w**g. Let f = -17 + 18. What is l(f)?
-7
Let l(o) be the second derivative of -o**3/6 - 2*o**2 + o. Suppose 32 + 56 = 22*f. Determine l(f).
-8
Suppose 0*q = -5*q. Let g = q + 2. Let s(z) = 2*z - 49 + 0*z + 90 - 41. What is s(g)?
4
Let r(u) = u**3 - 24*u**2 + 144*u - 9. Let z be r(13). Let t(y) = -4*y - 3. Let m(b) = 9*b + 6. Let i(d) = -3*m(d) - 7*t(d). Give i(z).
7
Suppose 5*m - 141 + 171 = 0. Let d(z) = -z - 11. Determine d(m).
-5
Let k(w) = -w**2 - 9*w - 3. Suppose -7*c - 27 = 36. Calculate k(c).
-3
Suppose -d - 2*m + 3 = 0, 0*d - 2*m - 22 = -4*d. Let v(h) = 6*h**2 - h + d*h**3 - 3*h**2 - 4*h**2. Suppose 0 = 5*b - f + 3, -5 = -3*b + 3*f - 2. What is v(b)?
-5
Let j be -1*(-8)/4 - -3. Let z(l) = 7*l + j + l**2 - 4*l + 2*l. Let i = -12 + 7. What is z(i)?
5
Let o(n) be the third derivative of -16*n**2 + 0*n - 7/24*n**4 - 1/6*n**3 + 0. What is o(-1)?
6
Let p(o) = o**3 - 5*o**2 + o - 8. Let u be p(6). Let l(d) = -u*d - 5 - 29*d + 62*d. Determine l(-7).
2
Suppose -16 = 5*p - p, -2*y = p - 4. Suppose 4*u = -16 + y. Let r(j) = -3*j + 9. Let a(h) = 2*h - 4. Let w(x) = u*r(x) - 5*a(x). Determine w(0).
-7
Let j = 11 + -10. Let f(o) = 27*o - 28*o + 8*o**2 + 1 + 9*o**2. Determine f(j).
17
Let x(t) = 6*t - 4*t - 5*t + t**2 - 2. Suppose 0*a = -3*a + 9. Calculate x(a).
-2
Let o(x) = x**2 + x. Let f(v) = 3*v**2 - v - 1. Let g(m) = -2*m**2 + 2*m + 1. Let d(p) = 3*f(p) + 4*g(p). Let q(n) = -d(n) + 4*o(n). What is q(-2)?
13
Let d be (8 - 9)*(2 - -1). Let s(m) = 3*m - 4. What is s(d)?
-13
Let v(i) be the third derivative of 1/12*i**5 + 5*i**2 - 2/3*i**3 + 0*i + 0 + 1/120*i**6 - 1/4*i**4. Determine v(-6).
-4
Let i(z) = 2*z**3 + 3*z**2 + 3*z + 3. Let p be (-546)/(-15) - (-2)/(-5). Let y = 34 - p. Calculate i(y).
-7
Suppose -54 = 5*s + 4*j + 7, 2*s + 29 = 3*j. Let h(z) = -z**3 - 14*z**2 - 14*z + 6. What is h(s)?
19
Let r(v) = -v**2 + 7*v + 12. Let h be 0 + 17 - (7 - -1). What is r(h)?
-6
Let x(t) = -1 - 2*t + 7 + 3*t. Let i be (-5 + 12)*-1 - -7. Determine x(i).
6
Suppose 2*a = 5 + 3. Suppose -3*z - a*d + 22 = 0, -z + 2*d - 5 = 1. Suppose 3*v = v + z. Let o(b) = -4*b**2 + b. What is o(v)?
-3
Let l = -122 + 129. Suppose -5*m - 4*c = -15, l*m + 5*c + 4 = 4*m. Let f(u) be the first derivative of -u**4/4 + 8*u**3/3 - 9*u**2/2 + 9*u - 1. Give f(m).
-5
Let k(o) = 6*o - 10. Let p(x) = -9*x + 16. Let d(y) = 8*k(y) + 5*p(y). Determine d(4).
12
Suppose 7*l + 0*l = 133. Let v(a) = l - 36 + 12 - 10*a**2 + 11*a - a**3. What is v(-11)?
-5
Suppose 12*g - 8*g = 2*x - 20, 0 = -2*g - 4. Let w(s) = -4 + s**2 - 5*s - 2*s**2 + 2*s**2. What is w(x)?
2
Let s = 7 + -2. Suppose 0 = -s*r + r - 12. Let o be 6 - 2/r*-3. Let a(z) = z**3 - 5*z**2 + 3*z - 2. Determine a(o).
-6
Let m(r) be the first derivative of 1/360*r**6 + 2 + 0*r + 7/120*r**5 + 7/24*r**4 + 1/3*r**3 + 0*r**2. Let s(f) be the third derivative of m(f). What is s(-5)?
-3
Let k(t) = 2*t**3 - 3*t**2 + 4*t - 5. Let q be k(2). Suppose -x - 3 = -q. Let w(z) = z**2 - 2*z - 3. Determine w(x).
5
Let w = -576 - -573. Let d(f) = -4*f. What is d(w)?
12
Let o(l) = 60*l - 19. Let v(p) = -28*p + 9. Let a(u) = -6*o(u) - 13*v(u). Determine a(1).
1
Let g(j) be the second derivative of j**4/12 + 7*j**3/6 + 2*j**2 - j. Let w be -2 - (-2 - (-28)/(-4)). Suppose 9*o + w = -20. Calculate g(o).
-8
Suppose 3*p - 9 = 9. Suppose 22 = 4*q - p. Let u(z) = -z + 2. What is u(q)?
-5
Let s(d) = d**3 - 3*d**2 - 5*d - 1. Let w(z) = 7*z + 221. Let j be w(-31). Determine s(j).
-5
Let d(y) = -5*y**3 + 3*y**2 + 3*y + 7. Let o(p) = 11*p**3 - 6*p**2 - 6*p - 15. Let z(m) = -9*d(m) - 4*o(m). Give z(-2).
-17
Let p(a) = -8*a - 43 + 83 